{"id":8114,"date":"2025-09-14T21:27:02","date_gmt":"2025-09-15T00:27:02","guid":{"rendered":"https:\/\/www.aguasdejoinville.com.br\/novo\/?page_id=8114"},"modified":"2026-08-21T14:44:03","modified_gmt":"2026-08-21T17:44:03","slug":"gestao-de-pessoas","status":"publish","type":"page","link":"https:\/\/aguasdejoinville.com.br\/novo\/portal-da-transparencia\/gestao-de-pessoas\/","title":{"rendered":"Gest\u00e3o de Pessoas"},"content":{"rendered":"\t\t<div data-elementor-type=\"wp-page\" data-elementor-id=\"8114\" class=\"elementor elementor-8114\" data-elementor-post-type=\"page\">\n\t\t\t\t<div class=\"elementor-element elementor-element-dad7273 e-flex e-con-boxed e-con e-parent\" data-id=\"dad7273\" data-element_type=\"container\">\n\t\t\t\t\t<div class=\"e-con-inner\">\n\t\t<div class=\"elementor-element elementor-element-79b2c4c e-con-full e-flex e-con e-child\" data-id=\"79b2c4c\" data-element_type=\"container\">\n\t\t\t\t<div class=\"elementor-element elementor-element-3d82585 elementor-widget elementor-widget-smartmag-breadcrumbs\" data-id=\"3d82585\" data-element_type=\"widget\" data-widget_type=\"smartmag-breadcrumbs.default\">\n\t\t\t\t<div class=\"elementor-widget-container\">\n\t\t\t\t\t<nav class=\"breadcrumbs is-full-width breadcrumbs-b\" id=\"breadcrumb\"><div class=\"inner ts-contain \"><span class=\"current\">Home<\/span><\/div><\/nav>\t\t\t\t<\/div>\n\t\t\t\t<\/div>\n\t\t\t\t<\/div>\n\t\t\t\t\t<\/div>\n\t\t\t\t<\/div>\n\t\t<div class=\"elementor-element elementor-element-db82c65 e-flex e-con-boxed e-con e-parent\" data-id=\"db82c65\" data-element_type=\"container\" data-settings=\"{&quot;background_background&quot;:&quot;classic&quot;}\">\n\t\t\t\t\t<div class=\"e-con-inner\">\n\t\t\t\t<div class=\"elementor-element elementor-element-c55ce58 elementor-widget elementor-widget-heading\" data-id=\"c55ce58\" data-element_type=\"widget\" data-widget_type=\"heading.default\">\n\t\t\t\t\t<h1 class=\"elementor-heading-title elementor-size-default\">Gest\u00e3o de Pessoas<\/h1>\t\t\t\t<\/div>\n\t\t\t\t<div class=\"elementor-element elementor-element-18a4ceb elementor-widget elementor-widget-html\" data-id=\"18a4ceb\" data-element_type=\"widget\" data-widget_type=\"html.default\">\n\t\t\t\t\t<style>\r\n    body {\r\n      margin: 0;\r\n      font-family: Arial, sans-serif;\r\n    }\r\n\r\n    .menu-grid3 {\r\n      display: grid;\r\n      grid-template-columns: repeat(auto-fit, minmax(300px, 1fr)); \/* Ajusta automaticamente o n\u00famero de colunas *\/\r\n      gap: 18px;\r\n      max-width: 1400px;\r\n      margin: 0 auto; \/* Centraliza o grid horizontalmente *\/\r\n      padding: 18px;\r\n      justify-content: center; \/* Centraliza os cards horizontalmente *\/\r\n      align-items: center; \/* Centraliza os cards verticalmente *\/\r\n    }\r\n    .menu-card3 {\r\n      background: transparent; \/* Fundo completamente transparente *\/\r\n      border: 2px solid #2693cb;\r\n      border-radius: 12px;\r\n      text-align: center;\r\n      padding: 6px 5px;\r\n      display: flex;\r\n      flex-direction: column;\r\n      align-items: center;\r\n      justify-content: center; \/* Centraliza o conte\u00fado verticalmente *\/\r\n      transition: box-shadow 0.2s, transform 0.2s, border-color 0.2s, background 0.2s, color 0.2s;\r\n      height: 175px;\r\n      min-width: 0;\r\n      color: #185577;\r\n      border-color: #2693cb;\r\n    }\r\n    .menu-grid3 a {\r\n      display: block;\r\n      text-decoration: none;\r\n      color: inherit;\r\n    }\r\n    .menu-grid3 a:hover .menu-card3,\r\n    .menu-grid3 a:focus .menu-card3 {\r\n      box-shadow: 0 6px 24px #2693cb44; \/* Mant\u00e9m a sombra apenas no hover *\/\r\n      transform: translateY(-5px) scale(1.03);\r\n      border-color: #1674aa;\r\n      background: transparent; \/* Mant\u00e9m o fundo transparente ao interagir *\/\r\n      color: #1674aa;\r\n    }\r\n    .menu-card3 img {\r\n      max-width: 100px;\r\n      height: auto;\r\n      margin-bottom: 0px;\r\n      margin-top: 4px;\r\n      transition: max-width 0.2s;\r\n    }\r\n    .menu-card3 i {\r\n        font-size: 5rem;\r\n        color: #1674aa;\r\n        margin-bottom: 10px;\r\n    }\r\n    .menu-text {\r\n      color: #185577;\r\n      font-weight: bold;\r\n      font-size: 1.5rem; \/* Aumenta o tamanho da fonte *\/\r\n      margin: 0; \/* Remove margens para centralizar *\/\r\n      text-align: center;\r\n      word-wrap: break-word; \/* Garante que o texto n\u00e3o estoure *\/\r\n      overflow-wrap: break-word;\r\n    }\r\n    .menu-grid3 a:hover .menu-text,\r\n    .menu-grid3 a:focus .menu-text {\r\n      color: #1674aa;\r\n    }\r\n    @media (max-width: 700px) {\r\n      .menu-grid3 {\r\n        grid-template-columns: 1fr; \/* Um card por linha *\/\r\n        gap: 15px; \/* Espa\u00e7amento ajustado *\/\r\n        justify-content: center; \/* Centraliza os cards *\/\r\n        align-items: center; \/* Centraliza verticalmente *\/\r\n        overflow-x: hidden; \/* Remove o scroll horizontal *\/\r\n        width: 100%;\r\n        margin: 0 auto; \/* Centraliza o grid *\/\r\n        padding: 10px; \/* Adiciona espa\u00e7amento interno *\/\r\n      }\r\n      .menu-card3 {\r\n        min-width: 140px;\r\n        width: 300px;\r\n        height: 200px; \/* Altura ajustada para melhor propor\u00e7\u00e3o *\/\r\n        padding: 5px 5px;\r\n        box-sizing: border-box;\r\n        margin: 0 auto; \/* Centraliza os cards individualmente *\/\r\n      }\r\n      .menu-text {\r\n        font-size: 1.2rem; \/* Aumenta o tamanho da fonte no mobile *\/\r\n        line-height: 1.2; \/* Melhor espa\u00e7amento entre linhas *\/\r\n      }\r\n    }\r\n<\/style>\r\n\r\n<div class=\"menu-grid3\">\r\n  <a href=\"\/novo\/servicos\/concursos-publicos\/\"><div class=\"menu-card3\"><i class=\"elementor-icons-manager__tab__item__icon fas fa-trophy\"><\/i><div class=\"menu-text\">Concursos P\u00fablicos<\/div><\/div><\/a>\r\n  <a href=\"\/novo\/portal-da-transparencia\/gestao-de-pessoas\/politica-de-gestao-de-pessoas\"><div class=\"menu-card3\">      <i class=\"elementor-icons-manager__tab__item__icon far fa-handshake\"><\/i><div class=\"menu-text\">Pol\u00edtica de Gest\u00e3o com Pessoas<\/div><\/div><\/a>\r\n  <a href=\"\/novo\/portal-da-transparencia\/gestao-de-pessoas\/programa-de-estagio\"><div class=\"menu-card3\"><i class=\"elementor-icons-manager__tab__item__icon fas fa-graduation-cap\"><\/i><div class=\"menu-text\">Programa de Est\u00e1gio<\/div><\/div><\/a>\r\n  <a href=\"\/novo\/servicos\/programa-jovem-aprendiz\/\"><div class=\"menu-card3\"><i class=\"elementor-icons-manager__tab__item__icon fas fa-child\"><\/i><div class=\"menu-text\">Programa Jovem Aprendiz<\/div><\/div><\/a>\r\n  <a href=\"\/novo\/portal-da-transparencia\/gestao-de-pessoas\/programa-jovem-aprendiz-processo-seletivo\"><div class=\"menu-card3\"><i class=\"elementor-icons-manager__tab__item__icon fas fa-tasks\"><\/i><div class=\"menu-text\">Programa Jovem Aprendiz \u2013 Processo seletivo<\/div><\/div><\/a>\r\n  <a href=\"\/novo\/servicos\/quadro-funcional\/\"><div class=\"menu-card3\"><i class=\"elementor-icons-manager__tab__item__icon far fa-building\"><\/i><div class=\"menu-text\">Quadro Funcional<\/div><\/div><\/a>\r\n  <a href=\"\/novo\/portal-da-transparencia\/gestao-de-pessoas\/quadro-funcional-no-de-pcds\"><div class=\"menu-card3\"><i class=\"elementor-icons-manager__tab__item__icon fab fa-accessible-icon\"><\/i><div class=\"menu-text\">Quadro Funcional \u2013 N\u00ba de PcDs<\/div><\/div><\/a>\r\n  <a href=\"\/novo\/servicos\/remuneracao-dos-administradores\/\"><div class=\"menu-card3\"><i class=\"elementor-icons-manager__tab__item__icon fas fa-coins\"><\/i><div class=\"menu-text\">Remunera\u00e7\u00e3o dos Administradores<\/div><\/div><\/a>\r\n  <a href=\"\/novo\/servicos\/tabela-salarial\/\"><div class=\"menu-card3\"><i class=\"elementor-icons-manager__tab__item__icon far fa-money-bill-alt\"><\/i><div class=\"menu-text\">Sal\u00e1rios Base<\/div><\/div><\/a>\r\n  <a href=\"\/novo\/portal-da-transparencia\/gestao-de-pessoas\/convencao-coletiva-de-trabalho\"><div class=\"menu-card3\"><i class=\"elementor-icons-manager__tab__item__icon fas fa-clipboard-list\"><\/i><div class=\"menu-text\">Acordos Coletivos de Trabalho<\/div><\/div><\/a>\r\n  <a href=\"\/novo\/?publicacao=quadro-funcional-relatorio-de-igualdade-salarial\"><div class=\"menu-card3\"><i class=\"elementor-icons-manager__tab__item__icon fas fa-suitcase\"><\/i><div class=\"menu-text\">Quadro Funcional - Relat\u00f3rio de Igualdade Salarial<\/div><\/div><\/a>\r\n   <a href=\"\/novo\/?publicacao=quadro-funcional-estagiarios\"><div class=\"menu-card3\"><i class=\"elementor-icons-manager__tab__item__icon fas fa-users\"><\/i><div class=\"menu-text\">Quadro Funcional - Estagi\u00e1rios<\/div><\/div><\/a>\r\n<\/div>\r\n\r\n\r\n\r\n\t\t\t\t<\/div>\n\t\t\t\t\t<\/div>\n\t\t\t\t<\/div>\n\t\t\t\t<\/div>\n\t\t","protected":false},"excerpt":{"rendered":"<p>Home Concursos P\u00fablicos Pol\u00edtica de Gest\u00e3o com Pessoas Programa de Est\u00e1gio Programa Jovem Aprendiz Programa Jovem Aprendiz \u2013 Processo seletivo Quadro Funcional Quadro Funcional \u2013 N\u00ba de PcDs Remunera\u00e7\u00e3o dos Administradores Sal\u00e1rios Base Acordos Coletivos de Trabalho Quadro Funcional &#8211; Relat\u00f3rio de Igualdade Salarial Quadro Funcional &#8211; Estagi\u00e1rios<\/p>\n","protected":false},"author":1,"featured_media":0,"parent":5188,"menu_order":0,"comment_status":"closed","ping_status":"closed","template":"page-templates\/no-wrapper.php","meta":{"_acf_changed":false,"footnotes":""},"class_list":["post-8114","page","type-page","status-publish"],"acf":[],"_links":{"self":[{"href":"https:\/\/aguasdejoinville.com.br\/novo\/wp-json\/wp\/v2\/pages\/8114","targetHints":{"allow":["GET"]}}],"collection":[{"href":"https:\/\/aguasdejoinville.com.br\/novo\/wp-json\/wp\/v2\/pages"}],"about":[{"href":"https:\/\/aguasdejoinville.com.br\/novo\/wp-json\/wp\/v2\/types\/page"}],"author":[{"embeddable":true,"href":"https:\/\/aguasdejoinville.com.br\/novo\/wp-json\/wp\/v2\/users\/1"}],"replies":[{"embeddable":true,"href":"https:\/\/aguasdejoinville.com.br\/novo\/wp-json\/wp\/v2\/comments?post=8114"}],"version-history":[{"count":85,"href":"https:\/\/aguasdejoinville.com.br\/novo\/wp-json\/wp\/v2\/pages\/8114\/revisions"}],"predecessor-version":[{"id":73870,"href":"https:\/\/aguasdejoinville.com.br\/novo\/wp-json\/wp\/v2\/pages\/8114\/revisions\/73870"}],"up":[{"embeddable":true,"href":"https:\/\/aguasdejoinville.com.br\/novo\/wp-json\/wp\/v2\/pages\/5188"}],"wp:attachment":[{"href":"https:\/\/aguasdejoinville.com.br\/novo\/wp-json\/wp\/v2\/media?parent=8114"}],"curies":[{"name":"wp","href":"https:\/\/api.w.org\/{rel}","templated":true}]}}

Gestão de Pessoas

<div data-elementor-type="wp-page" data-elementor-id="8114" class="elementor elementor-8114" data-elementor-post-type="page">
				<div class="elementor-element elementor-element-dad7273 e-flex e-con-boxed e-con e-parent" data-id="dad7273" data-element_type="container">
					<div class="e-con-inner">
		<div class="elementor-element elementor-element-79b2c4c e-con-full e-flex e-con e-child" data-id="79b2c4c" data-element_type="container">
				<div class="elementor-element elementor-element-3d82585 elementor-widget elementor-widget-smartmag-breadcrumbs" data-id="3d82585" data-element_type="widget" data-widget_type="smartmag-breadcrumbs.default">
				<div class="elementor-widget-container">
					<nav class="breadcrumbs is-full-width breadcrumbs-b" id="breadcrumb"><div class="inner ts-contain "><span class="current">Home</span></div></nav>				</div>
				</div>
				</div>
					</div>
				</div>
		<div class="elementor-element elementor-element-db82c65 e-flex e-con-boxed e-con e-parent" data-id="db82c65" data-element_type="container" data-settings="{&quot;background_background&quot;:&quot;classic&quot;}">
					<div class="e-con-inner">
				<div class="elementor-element elementor-element-c55ce58 elementor-widget elementor-widget-heading" data-id="c55ce58" data-element_type="widget" data-widget_type="heading.default">
					<h1 class="elementor-heading-title elementor-size-default">Gestão de Pessoas</h1>				</div>
				<div class="elementor-element elementor-element-18a4ceb elementor-widget elementor-widget-html" data-id="18a4ceb" data-element_type="widget" data-widget_type="html.default">
					<style>
    body {
      margin: 0;
      font-family: Arial, sans-serif;
    }

    .menu-grid3 {
      display: grid;
      grid-template-columns: repeat(auto-fit, minmax(300px, 1fr)); /* Ajusta automaticamente o número de colunas */
      gap: 18px;
      max-width: 1400px;
      margin: 0 auto; /* Centraliza o grid horizontalmente */
      padding: 18px;
      justify-content: center; /* Centraliza os cards horizontalmente */
      align-items: center; /* Centraliza os cards verticalmente */
    }
    .menu-card3 {
      background: transparent; /* Fundo completamente transparente */
      border: 2px solid #2693cb;
      border-radius: 12px;
      text-align: center;
      padding: 6px 5px;
      display: flex;
      flex-direction: column;
      align-items: center;
      justify-content: center; /* Centraliza o conteúdo verticalmente */
      transition: box-shadow 0.2s, transform 0.2s, border-color 0.2s, background 0.2s, color 0.2s;
      height: 175px;
      min-width: 0;
      color: #185577;
      border-color: #2693cb;
    }
    .menu-grid3 a {
      display: block;
      text-decoration: none;
      color: inherit;
    }
    .menu-grid3 a:hover .menu-card3,
    .menu-grid3 a:focus .menu-card3 {
      box-shadow: 0 6px 24px #2693cb44; /* Mantém a sombra apenas no hover */
      transform: translateY(-5px) scale(1.03);
      border-color: #1674aa;
      background: transparent; /* Mantém o fundo transparente ao interagir */
      color: #1674aa;
    }
    .menu-card3 img {
      max-width: 100px;
      height: auto;
      margin-bottom: 0px;
      margin-top: 4px;
      transition: max-width 0.2s;
    }
    .menu-card3 i {
        font-size: 5rem;
        color: #1674aa;
        margin-bottom: 10px;
    }
    .menu-text {
      color: #185577;
      font-weight: bold;
      font-size: 1.5rem; /* Aumenta o tamanho da fonte */
      margin: 0; /* Remove margens para centralizar */
      text-align: center;
      word-wrap: break-word; /* Garante que o texto não estoure */
      overflow-wrap: break-word;
    }
    .menu-grid3 a:hover .menu-text,
    .menu-grid3 a:focus .menu-text {
      color: #1674aa;
    }
    @media (max-width: 700px) {
      .menu-grid3 {
        grid-template-columns: 1fr; /* Um card por linha */
        gap: 15px; /* Espaçamento ajustado */
        justify-content: center; /* Centraliza os cards */
        align-items: center; /* Centraliza verticalmente */
        overflow-x: hidden; /* Remove o scroll horizontal */
        width: 100%;
        margin: 0 auto; /* Centraliza o grid */
        padding: 10px; /* Adiciona espaçamento interno */
      }
      .menu-card3 {
        min-width: 140px;
        width: 300px;
        height: 200px; /* Altura ajustada para melhor proporção */
        padding: 5px 5px;
        box-sizing: border-box;
        margin: 0 auto; /* Centraliza os cards individualmente */
      }
      .menu-text {
        font-size: 1.2rem; /* Aumenta o tamanho da fonte no mobile */
        line-height: 1.2; /* Melhor espaçamento entre linhas */
      }
    }
</style>

<div class="menu-grid3">
  <a href="/novo/servicos/concursos-publicos/"><div class="menu-card3"><i class="elementor-icons-manager__tab__item__icon fas fa-trophy"></i><div class="menu-text">Concursos Públicos</div></div></a>
  <a href="/novo/portal-da-transparencia/gestao-de-pessoas/politica-de-gestao-de-pessoas"><div class="menu-card3">      <i class="elementor-icons-manager__tab__item__icon far fa-handshake"></i><div class="menu-text">Política de Gestão com Pessoas</div></div></a>
  <a href="/novo/portal-da-transparencia/gestao-de-pessoas/programa-de-estagio"><div class="menu-card3"><i class="elementor-icons-manager__tab__item__icon fas fa-graduation-cap"></i><div class="menu-text">Programa de Estágio</div></div></a>
  <a href="/novo/servicos/programa-jovem-aprendiz/"><div class="menu-card3"><i class="elementor-icons-manager__tab__item__icon fas fa-child"></i><div class="menu-text">Programa Jovem Aprendiz</div></div></a>
  <a href="/novo/portal-da-transparencia/gestao-de-pessoas/programa-jovem-aprendiz-processo-seletivo"><div class="menu-card3"><i class="elementor-icons-manager__tab__item__icon fas fa-tasks"></i><div class="menu-text">Programa Jovem Aprendiz – Processo seletivo</div></div></a>
  <a href="/novo/servicos/quadro-funcional/"><div class="menu-card3"><i class="elementor-icons-manager__tab__item__icon far fa-building"></i><div class="menu-text">Quadro Funcional</div></div></a>
  <a href="/novo/portal-da-transparencia/gestao-de-pessoas/quadro-funcional-no-de-pcds"><div class="menu-card3"><i class="elementor-icons-manager__tab__item__icon fab fa-accessible-icon"></i><div class="menu-text">Quadro Funcional – Nº de PcDs</div></div></a>
  <a href="/novo/servicos/remuneracao-dos-administradores/"><div class="menu-card3"><i class="elementor-icons-manager__tab__item__icon fas fa-coins"></i><div class="menu-text">Remuneração dos Administradores</div></div></a>
  <a href="/novo/servicos/tabela-salarial/"><div class="menu-card3"><i class="elementor-icons-manager__tab__item__icon far fa-money-bill-alt"></i><div class="menu-text">Salários Base</div></div></a>
  <a href="/novo/portal-da-transparencia/gestao-de-pessoas/convencao-coletiva-de-trabalho"><div class="menu-card3"><i class="elementor-icons-manager__tab__item__icon fas fa-clipboard-list"></i><div class="menu-text">Acordos Coletivos de Trabalho</div></div></a>
  <a href="/novo/?publicacao=quadro-funcional-relatorio-de-igualdade-salarial"><div class="menu-card3"><i class="elementor-icons-manager__tab__item__icon fas fa-suitcase"></i><div class="menu-text">Quadro Funcional - Relatório de Igualdade Salarial</div></div></a>
   <a href="/novo/?publicacao=quadro-funcional-estagiarios"><div class="menu-card3"><i class="elementor-icons-manager__tab__item__icon fas fa-users"></i><div class="menu-text">Quadro Funcional - Estagiários</div></div></a>
</div>



				</div>
					</div>
				</div>
				</div>

<p>Home Concursos Públicos Política de Gestão com Pessoas Programa de Estágio Programa Jovem Aprendiz Programa Jovem Aprendiz – Processo seletivo Quadro Funcional Quadro Funcional – Nº de PcDs Remuneração dos Administradores Salários Base Acordos Coletivos de Trabalho Quadro Funcional &#8211; Relatório de Igualdade Salarial Quadro Funcional &#8211; Estagiários</p>
